
Let s(a) = -3*a - 79. Let g be s(-25). Is 267 - (7/4 - g/16) a composite number?
True
Is (-7270347)/(-357) - (-4)/(-34) prime?
False
Let n(i) = 9*i**2 + 12*i - 69. Is n(24) a composite number?
True
Suppose 5*k + 9 = -6, -4*v = 2*k - 30. Let y(j) = j**3 - 8*j**2 - 4*j. Let b be y(v). Suppose b = 3*z - 132. Is z prime?
True
Let j(p) = -p**3 - 22*p**2 + 15*p - 99. Is j(-32) a composite number?
False
Suppose h + 10*h - 451 = 0. Let s(i) = i**3 - 5*i**2 - 3*i - 5. Let o be s(7). Let r = o - h. Is r a prime number?
True
Let i(l) = -2*l + 16. Let y be i(7). Is 1226 + 9/(y + 1) composite?
False
Suppose y + 3*z = 54407, 4*y + z - 193304 - 24302 = 0. Is y a composite number?
False
Let a = 1974 + -1325. Is a prime?
False
Let a be ((-6952)/(-16))/(1/(-2)). Let j = 1468 + a. Suppose -3*t + j = 4*p, -4*p + 5*t - t + 592 = 0. Is p a composite number?
False
Suppose -15*t = -14*t + 2*f - 1187, 4*t - 4748 = -5*f. Is t composite?
False
Suppose -2*i - 4*i = -24. Suppose -18 = -i*y - 14. Is y/(-6) - 7324/(-24) a prime number?
False
Suppose j + 4*j = -25. Let d be j/((-2)/(-4)*1). Is -5*(556/d - 3) prime?
True
Let h = 365 + -223. Let u = h + -61. Let z = 170 - u. Is z composite?
False
Is -4*(-11485)/20 + 2 - -3 a prime number?
False
Suppose 4*u - 88 = -2*i + u, 78 = 2*i - 2*u. Let m = 682 - i. Is m a composite number?
False
Let m(s) = -s**2 - 3*s + 23. Let b be m(-6). Let d(v) = 55*v**2 + 10. Is d(b) composite?
True
Is (11401/26)/(3/18 + 0) a composite number?
True
Let o(t) be the third derivative of t**7/126 - t**5/40 + t**4/12 - 5*t**2. Let n(x) be the second derivative of o(x). Is n(-4) a prime number?
True
Let f = 1414 + -232. Let h = 2125 - f. Is h composite?
True
Suppose 186*a - 25354 = 184*a. Is a a composite number?
True
Suppose -3*o - 264 = -3*x, 2*o + 70 = -5*x + 510. Is 368/64*x/2 a prime number?
False
Suppose -y - 25 = -26. Let s be y/3 - 45/(-27). Is 294/5 + s/10 a prime number?
True
Let z = 24 + -24. Suppose z*o = 2*x - o - 514, -3*o + 257 = x. Is x composite?
False
Suppose -4*x = -0 - 16. Suppose 3296 = -0*q + 4*q. Suppose -4*m - 5*f = -q, 5*m - x*f - 1071 = -0*m. Is m composite?
False
Is 8/((-24)/(-5)) + 58206/9 prime?
True
Let l(p) = -p**3 - p + 14. Let r be -1*(4/2 - 6). Suppose 5*o = 2*u + 25, u - o = r*o - 25. Is l(u) prime?
False
Let b = 8 - 7. Let t be (7/(-28))/(b/(-8)). Is 0 + t + 351/3 a prime number?
False
Let o = -8517 + 5686. Let b = o + 4050. Suppose 1462 = 4*h + l - b, -4*h + 2696 = 4*l. Is h a prime number?
False
Suppose -140604 - 271152 = -12*q. Is q a composite number?
False
Let o = 6295 - -6922. Is o a composite number?
False
Suppose -15*z + 90136 = -121469. Is z a prime number?
True
Let v = -6228 + 9661. Is v prime?
True
Let z = 8 + -4. Let n = -13 - -19. Is 16 - 0 - (n - z) a composite number?
True
Let m = 1274 - 351. Let i = m + -145. Is i a prime number?
False
Let v = 54 + -30. Suppose v*s - 26*s + 1910 = 0. Is s a prime number?
False
Suppose 4 = 2*c - 2. Suppose 5*a - 5*n - 34 - 6 = 0, 0 = a - c*n - 6. Suppose 8*b - a*b = -47. Is b a prime number?
True
Let o(a) = 58*a - 2. Let x be o(2). Suppose 5*p + 0*z + x = -3*z, p + 5*z + 14 = 0. Is 542/26 - p/156 prime?
False
Is (-2)/(-4) + (-5 - 366753/(-6)) a prime number?
True
Let w(d) = -d + 9. Let l be w(6). Suppose 6*g = l*g + 465. Is g composite?
True
Suppose -10 + 16 = i. Let l(h) = 18*h - 19. Is l(i) prime?
True
Let c = -23 + 28. Suppose 0 = -c*b - 5*g + 10, -5*b + 20 = -2*g - 25. Is b a prime number?
True
Suppose q - 6*q - 90 = 0. Let d(o) be the second derivative of -5*o**3/2 - 8*o**2 + 10*o. Is d(q) a composite number?
True
Let c = -492 - -2035. Is c prime?
True
Suppose 3829 = -3*i + 4*i. Is i a prime number?
False
Let v(c) = 2*c - 19. Let w(z) = -z + 10. Let r(g) = -3*v(g) - 5*w(g). Let f be r(16). Is (-1467)/(-6)*(-6)/f composite?
False
Let t(b) = -b + 6. Let k be t(3). Suppose -k*w = 9, -3*x = -5*w - 637 - 1631. Is x prime?
True
Suppose 5*b - 1 = 14. Suppose -b*z - 2731 + 922 = 0. Is 2 - 1/(3/z) a composite number?
True
Let j(o) = -20*o - 58 + 73 - 39 + 67*o. Is j(13) a prime number?
True
Suppose 57*r - 33*r = 1072920. Is r a composite number?
True
Let z be (8/30*3)/(2/(-855)). Let g = 847 - z. Is g a composite number?
True
Is 40617/6 + 4 + 2/(-4) a prime number?
False
Suppose 74*q - 13*q = 4717679. Is q a prime number?
True
Suppose 3*o - 164 = -44. Suppose -o = -0*x - 5*x. Suppose 0 = x*g - 4*g - 1588. Is g a composite number?
False
Suppose 3*t - 1226 = 346. Suppose -227 - t = -d. Is d composite?
False
Let w(h) = 3181*h**2 + 11*h + 16. Let d(c) = 636*c**2 + 2*c + 3. Let a(g) = 11*d(g) - 2*w(g). Is a(1) prime?
False
Let o = 77 - 71. Suppose -429 = -o*i + 1053. Is i a prime number?
False
Let a = 1511 - -3476. Is a a prime number?
True
Let k(r) = -66*r - 16. Let o be k(-5). Is (o/(-6))/((-2)/30) a composite number?
True
Let h be (-3)/12*-3*84. Let b = 125 + h. Let m = b - -23. Is m a prime number?
True
Suppose -22*c + 21*c = 1. Is (-17584)/(-14) + (0 - c)*3 a prime number?
True
Suppose 15 = -6*f + 3*f. Let k(s) = 59*s**2 + 12*s + 8. Is k(f) composite?
False
Suppose 0 = 4*i + 760 - 4312. Suppose -2*v + 3*k + 7762 = 0, i = -3*v - k + 12531. Is v a prime number?
True
Let t(s) = -2*s**2 + 12*s + 6. Let z be t(6). Suppose -z*k = -k - 10915. Is k a prime number?
False
Suppose -2*p + 46722 = 4*o, 0 = -4*p - 4*o + 67114 + 26338. Is p prime?
False
Let m(r) = 3462*r**2 - 8*r + 1. Let q be m(1). Suppose -3*h + 1111 = -q. Is h prime?
False
Suppose 3*i = 3*v - 5*v + 8, 2*v = -4. Suppose 4*q - 3*a - 9443 = 0, q = 4*q + i*a - 7051. Is q prime?
True
Let t(f) = -2*f - 12. Let j be t(-8). Let d be (j/2 + -2)/1. Suppose -2*y + d*y = -178. Is y a prime number?
True
Suppose 3*l = 1 + 23. Let r(b) = l*b - 1 + 7 - 1 + 10. Is r(13) prime?
False
Let p = -18 + 34. Let a be 8/(-2) + -10 + p. Suppose a*x = -2*x + 5*u + 522, -2*x - u + 268 = 0. Is x a prime number?
False
Suppose 5*k - 4*o - 6793 = 3049, 0 = -2*k + o + 3935. Suppose k = -2*r - 3*r + w, r - 3*w = -396. Is (1 - 0)/((-3)/r) a prime number?
True
Suppose -5*h - 3*j - 2*j + 185 = 0, -2*j + 109 = 3*h. Is h/(-14)*(-2884)/10 composite?
True
Suppose 3 = 2*v + 11. Is 2*1/v*-914 a prime number?
True
Suppose 4 = -g + 1. Let w = g + 8. Suppose -w*v = 3*h - 3*v - 297, -h + 5*v = -82. Is h a prime number?
True
Let v = 830 + -449. Suppose -523 = -2*m - u + v, -2263 = -5*m - 4*u. Is m prime?
False
Let l(z) = -1 - 2 + 3 - 1. Let q(n) = -51*n - 24. Let h(y) = 4*l(y) - q(y). Is h(9) a composite number?
False
Suppose 357*h - 353*h + 16 = 0, 5*h = -4*v + 163104. Is v a composite number?
True
Suppose -24 = 7*v - 80. Suppose 0 = v*s - s - 26285. Is s composite?
True
Suppose -3*i + 5*w = -17546, -4*i - w - 14201 = -37588. Is i prime?
False
Let m = 63269 + -44347. Is m prime?
False
Suppose -q = 3*q. Let d = q - 4. Let t(w) = w**3 + 5*w**2 + 2*w + 5. Is t(d) a composite number?
False
Is -6*(-1 + 0) + (954 - 2) composite?
True
Suppose -g + 2*u - 6803 = -6*g, 4*u = 5*g - 6809. Is g prime?
True
Suppose -5*r = 4*r. Let x(v) = -v**2 + 3*v + 1477. Is x(r) a prime number?
False
Let b(u) = 73*u + 8. Suppose -2*c + 4*h + 4 = -18, 5*c - 31 = 2*h. Is b(c) prime?
True
Let l = 1059 - 418. Is l a composite number?
False
Suppose 1760 = -6*v + 2*v. Suppose x - 3095 = -4*x. Let b = v + x. Is b a prime number?
True
Suppose 0 = -2*d - 4*n - 4, 3*d + 4 = 2*n - 6*n. Suppose d = -4*k + 3221 + 1631. Is k composite?
False
Let r(y) = y**3 - 5*y**2 - 7*y + 8. Let v be r(6). Is v - (-10)/(-15)*-174 prime?
False
Let q(s) = -293*s**3 - s - 1. Let k be ((-10)/20)/(1/2). Is q(k) a composite number?
False
Let d(p) = 3*p**3 + 3*p - 11. Suppose 0*z + 21 = 3*z. Is d(z) a prime number?
True
Let i(n) = 8*n**2 - 7*n + 152. Is i(23) a composite number?
True
Let t(j) = j**3 + 3*j**2 - j - 4. Let w be t(-2). Suppose 0 = w*s - 313 - 133. Is s prime?
True
Let z = 22 - 12. Suppose z*q + 611 = 11*q. Is q a prime number?
False
Let w(i) be the second derivative of i**3/6 + 761*i**2/2 - 17*i. Let v = 2 + -2. Is w(v) a composite number?
False
Let v(h) = 479*h - 3. Is v(8) prime?
False
Let r be (-35)/5 + 3 + 0/(-2). Is r/18 + -152*46/(-36) a prime number?
False
Let n(u) = 15*u + 9. Let f be n(11). Let q = f - 95. Is q prime?
True
Suppose 5*b - 595 - 955 = 0. Suppose -b = 2*w - 7*w. Suppose -z = z - w. Is z p